)?
5
Let w(c) = -57*c + 2274. What is the thousands digit of w(-29)?
3
Suppose -o + 4*z = z + 252, -2*z = -2*o - 484. Suppose 2*r + 102 = -g - r, 3*r + 15 = 0. Let w = g - o. What is the units digit of w?
0
Let a be 16/(-20) + 657/15. Let r = a - 53. Let d = 14 - r. What is the units digit of d?
4
Suppose -7*d - 5*t = -95307, -4*t = -6 - 18. What is the hundreds digit of d?
6
Suppose o = -60 + 68. What is the tens digit of 704 - (-2 + (3 - o))?
1
Let l(i) = -9*i - 51. Let n be l(21). Let b = n - -734. What is the hundreds digit of b?
4
Suppose 4*n = -2*i + 1834, 0 = 3*n - 5*i - 468 - 862. What is the tens digit of n?
5
Let z(d) be the first derivative of 13*d**2/2 - 1. Let w(b) = -b - 5. Let f be w(-9). What is the units digit of z(f)?
2
Let f be (-430)/50 - (-2)/(-5). Let d(o) = -2*o**2 - 20*o - 13. Let w(b) = -2*b**2 - 21*b - 13. Let n(a) = -7*d(a) + 6*w(a). What is the units digit of n(f)?
9
Let w(y) = y**3 - 20*y**2 + 20*y - 16. Let i be w(19). Suppose -8*a = i + 45. What is the units digit of (-156)/(-2 - a)*(-5)/3?
5
Let o be (-3 + 7 + -6)/(2/(-4)). Suppose o*a + 1620 = 10*a. What is the hundreds digit of a?
2
Let p(c) = 1. Let t(l) = 22*l - 5. Let v(q) = -3*p(q) + t(q). Let g be -3*(-6)/3*2/6. What is the tens digit of v(g)?
3
Suppose -3*f - 304 = 50. Suppose 16*w - 17*w = 3*v + 132, -4*v + 2*w - 156 = 0. What is the units digit of (-280)/v*(2 + f/(-4))?
0
Let g(q) = 9*q**2 - 24*q + 1. Let p(a) = -37*a**2 + 98*a - 5. Let k(d) = 9*g(d) + 2*p(d). What is the units digit of k(-6)?
1
Let r = -16 - -24. Let o = 10 - r. What is the units digit of 5/o*(-136)/(-10)?
4
Suppose r + 13969 = -5*d + 102016, 5*r - 35 = 0. What is the hundreds digit of d?
6
Let f(s) = 15*s**2 + s + 5. Let n(d) = -44*d**2 - d - 15. Let y(q) = -17*f(q) - 6*n(q). What is the units digit of y(7)?
9
Let u = 23406 + -19428. What is the hundreds digit of u?
9
Suppose 78 = 18*q - 15*q. Let t = q + 315. What is the tens digit of t?
4
What is the tens digit of 4833 - (6 + (-32)/4)?
3
Let v = 51 + -27. Let f(j) = j + 6 + 22 - 16 + v. What is the units digit of f(-22)?
4
Let i(j) = 581*j**2 + 52*j + 251. What is the units digit of i(-7)?
6
Let q be 13/(-3) + 4/(-18)*3. Let r be q/(-15)*30/2. Suppose 340 = 5*j + r*f, 2*f + 232 = 3*j - 2*f. What is the units digit of j?
2
Let g(n) = -2*n**2 - 11*n - 12. Let m be g(-6). Let v be (-73)/(-2*(-1)/m). Suppose -v = -4*x - u, 6*u = 4*x + 2*u - 672. What is the units digit of x?
5
Suppose -4*c + 7*g = 12*g - 92690, 115831 = 5*c + g. What is the ten thousands digit of c?
2
Let o(v) be the third derivative of -v**5/30 - 7*v**4/24 - v**3/2 - 9*v**2. Let u be o(-3). Suppose 16*l - 249 - 2231 = u. What is the units digit of l?
5
Suppose -20*b + 9*b = -55. Suppose y - 10 - 5 = 3*f, 0 = -5*f - b*y - 5. Let z = 120 + f. What is the tens digit of z?
1
Let z = -267 - 47. Let r be (-3)/(-3 + 2) - (0 + z). Let p = r - 89. What is the hundreds digit of p?
2
Suppose 5*a = -25 + 45. Let z be -2*(-1)/a*174. Let l = 90 - z. What is the units digit of l?
3
Let g(n) = 10*n**3 - 13*n**2 - 10*n + 6. Let m be (-70)/(-10)*(-18)/(-21). What is the units digit of g(m)?
8
Suppose 0 = -5*g + l - 12 + 55, 5*l = 10. Suppose 0 = g*b - 8*b - 179. What is the hundreds digit of b?
1
Let i be (-390)/(-4)*-8*(-6)/9. Let j = i + 195. What is the units digit of j?
5
Suppose 5*i - 690 = -k, -i - k + 4*k = -138. Let a = 340 + i. What is the units digit of a?
8
Suppose -8455 = -13*o + 15543. What is the units digit of o?
6
Let y = 34729 + -16700. Let g = -12295 + y. What is the units digit of g/38 - (-2)/19?
1
Let f = 271 + -194. Let m = 588 + f. What is the hundreds digit of m?
6
Let g(k) = -k**2 + 5*k - 2. Let a be g(3). Let c be ((-92)/(-1))/((-20)/(-4))*5. Suppose -a*x = c - 532. What is the hundreds digit of x?
1
Suppose 0 = 3*x + 9, 244*f + 4367 = 245*f - 2*x. What is the units digit of f?
1
Let p(s) = 48*s - 5. Let h(q) be the second derivative of q**5/20 - 7*q**4/6 - 5*q**3/2 + q**2 - 3*q. Let a be h(15). What is the units digit of p(a)?
1
Let a(t) = -113*t + 16. Let w(f) = 85*f - 16. Let j(p) = -3*a(p) - 4*w(p). Let b be (-2)/(1 + 5/(-6)). What is the units digit of j(b)?
8
What is the tens digit of (20595*2)/(606/404)?
6
What is the thousands digit of (57941 - (-4 + 2)) + -4*6/(-12)?
7
Let q(b) be the second derivative of -b**5/20 + 5*b**4/12 - b**3/3 - b**2 + 10*b. Let y be q(4). What is the tens digit of 352/2*(-5)/((-30)/y)?
7
Suppose -3*u - 5*w = -730, -3*u = -2*u - 5*w - 270. What is the units digit of (2/(-12))/((-12)/36)*u?
5
Let b be 4/(-14) + (-459)/(-357). What is the hundreds digit of (b/(-2))/(49/(-88102))?
8
Let k(y) = -y**3 + 5*y**2 - 16. Let a be k(3). Suppose -2*c + 262 = a*p, 75 + 44 = c - 5*p. What is the units digit of c?
9
Let u(p) = -21*p - 1. Let l be u(1). Let i be l/(-10) - 8/40. Suppose k - 3*h = 46, -78 = -i*k + 5*h + 12. What is the tens digit of k?
4
Suppose 2*j + 324 = -w + 4*w, -5*w + 540 = 2*j. Let z = -106 + w. Suppose 2*y + 5*r - 470 = 0, 2*y - z*r = 7*y - 1196. What is the hundreds digit of y?
2
Let t = 87250 - 36825. What is the ten thousands digit of t?
5
Let m = 380 - 377. Suppose m*o + f - 1071 = 969, 3*o - 2049 = -4*f. What is the tens digit of o?
7
Let w(t) = -306*t**3 + 2*t**2 + 4*t + 3. Suppose -5*z - 28 = 2*r - 6, -3*r + 3*z = -9. What is the hundreds digit of w(r)?
3
Let w = 17402 + 1116. What is the hundreds digit of w?
5
Let f = -83 + 143. Let o = f + -55. Suppose o*w = -s + 3*w + 153, 3*s + 2*w = 455. What is the tens digit of s?
5
Suppose 83*u - 85*u = -2692. Suppose r - 3*z - u = -r, -5*z = -2*r + 1346. What is the tens digit of r?
7
Let c(n) = -5*n**2 - 16 + 3*n**2 + 24*n + 3*n**2 - 3*n**2. Let f be c(9). Suppose 0 = -39*z + f*z + 93. What is the units digit of z?
3
Let d be (126/(-24))/((-4)/(128/6)). Let l be d/(-49) + (-386)/(-14). Let u(i) = i**3 - 27*i**2 + 6*i - 9. What is the units digit of u(l)?
3
Let r = 37555 + -22254. What is the units digit of r?
1
Suppose 0 = -3*d + 2*m - 122, 5*d = -0*d - 2*m - 214. Let b be 1245/21 + 12/d. Suppose 19 = -8*q + b. What is the units digit of q?
5
Let l = -19243 + 31574. What is the hundreds digit of l?
3
Let q(n) = 237*n**2 + 52*n - 1146. What is the thousands digit of q(16)?
0
Let p = -40 + -189. Let g = 663 + p. What is the units digit of g?
4
Let n(w) = 3*w - 28. Let x be n(17). Suppose 37*p - x*p = 1778. What is the hundreds digit of p?
1
Suppose 1483 = 4*b - 23965. What is the thousands digit of b?
6
Let k be (6068/22 - (-14)/77)*3. Let b = k + -493. What is the hundreds digit of b?
3
Suppose 4*x + 0 + 4 = -5*f, -5*x - f + 16 = 0. Let j be 3 - (-45)/55 - x/(-22). What is the units digit of 248 - (j - 3)*(-3 - -4)?
7
Suppose 4*s + 2*h - 2488 = 0, 3*h + 1871 = 3*s + 7*h. Let u = 101 + s. What is the tens digit of u?
2
Let w(k) = 14*k + 9. Let y be w(1). Suppose -1781 = -y*b + 82. What is the tens digit of b?
8
Let q(n) = -60 + 60*n - 30*n - 6 + 4*n + 45*n. What is the hundreds digit of q(10)?
7
Let i(m) = -2*m - 22. Let s be i(-8). Let o = -4 - s. Suppose 5*x = 4*a + 64, -2*x + 14 = -x - o*a. What is the tens digit of x?
1
Let w(m) = -29*m + 95. Let q be w(-10). Suppose -5*g + 2480 = q. What is the units digit of g?
9
What is the units digit of 558872/72 + 6 - 3/27?
8
Suppose -37*g - 59817 + 481826 + 22509 = 0. What is the units digit of g?
4
Suppose -33*r + 29418 = -38727. Let a = r + -1098. What is the units digit of a?
7
Suppose o = 2*q - 36 + 98, -2*o + q + 133 = 0. Let a = 200 - o. Suppose b + 2*w = 2*b - 50, -3*b + a = 3*w. What is the units digit of b?
6
Suppose 0 = 3*r - 5*f - 53488, -2*r - f = f - 35632. What is the thousands digit of r?
7
Suppose -6*m = -23*m + 1088. Let t = -20 - -28. Suppose -2*a - t = -m. What is the tens digit of a?
2
Let f(b) = -25*b**2 + 2*b + 62. Let a be f(8). Let u = -1069 - a. What is the units digit of u?
3
Suppose -15*v = 3 - 63. Suppose -x - v*a = -1127, x - 1127 = -18*a + 23*a. What is the units digit of x?
7
Let o(i) = i**3 - 20*i**2 - 22*i + 21. Let t = 69 - 48. Let w be o(t). Suppose l + 2*q - 106 = -0*l, w = 2*q. What is the tens digit of l?
0
Let q = 31 + -22. Let v = 7 - q. Let d(o) = -40*o - 3. What is the tens digit of d(v)?
7
Let m(x) = -x**3 + 20*x**2 + 18*x + 47. Let k(f) = -4*f - 25. Let t be k(-10). What is the un